5*p + 2. Let h be r(-4). Let u be (2/h)/((-12)/2556). Let v = u - -100. What is the tens digit of v?
2
Let b(j) = 4*j + 4. Let h be b(-3). Let s = 11 + h. Suppose -102 = -0*i - s*i. What is the units digit of i?
4
Let b = 640 - 80. What is the tens digit of b?
6
Suppose -96 = -62*f + 56*f. What is the units digit of f?
6
Let c = -119 + 199. Let j = c - -173. Suppose -4*y = -2*u + 79 - j, -3*y - 5*u = -163. What is the units digit of y?
6
Suppose 332*y = 315*y + 697. What is the tens digit of y?
4
Suppose -9*v = -5*v - 32. Suppose -4*j = 5*i - 0 - v, -4 = -i - 2*j. Suppose i = -l + 7 - 0. What is the units digit of l?
7
Let j(b) = b**3 - 20*b**2 + 20*b + 15. Let h be j(19). Let d = 21 + h. What is the tens digit of d?
5
What is the hundreds digit of (20 + 160)*8/5?
2
Let a(x) = -27*x - 10. Let s be (3 + (-1*24)/4)/1. What is the tens digit of a(s)?
7
Let s(t) = 81*t - 24. What is the units digit of s(6)?
2
Suppose 0 = -5*j + 3*w + 43 - 9, -14 = -3*j + 5*w. Let v be 20/j + 9/6. Let i(k) = 12*k - 14. What is the tens digit of i(v)?
3
Suppose -11*f = -5*f - 10338. What is the tens digit of f?
2
Suppose -88 = -5*v + 92. Suppose u - 3*u + v = 0. What is the units digit of 138/u - 2/3?
7
Suppose a + 3*d - 1807 = 0, -5*d + 1801 = -5*a + 6*a. What is the tens digit of a?
1
Suppose -7*l = -2369 - 2958. What is the tens digit of l?
6
Suppose 10*f = -344 + 6304. What is the tens digit of f?
9
Suppose -2 = i - 4. Suppose -225 = -p + 5*c, 5*c - 4*c - 417 = -i*p. What is the units digit of p?
0
Let g = -194 + 105. Let b = -8 - g. What is the units digit of b?
1
Suppose 1 - 11 = -5*i. Let d(o) = -o + 46*o**2 + i*o - 6*o + 1 + 3*o. What is the units digit of d(1)?
5
Let g(q) = -4*q - 2. Let r be g(-1). Suppose r*w - 6 = 6. Suppose x + 210 = w*x. What is the units digit of x?
2
Let l(o) be the third derivative of -5*o**4/12 - o**3/3 + 7*o**2. What is the tens digit of l(-11)?
0
Let q(x) = 5*x. Let u be q(-2). Let i be ((-145)/u)/(2/4). Suppose -i = -2*p + 49. What is the tens digit of p?
3
What is the units digit of 6 - 11635/(-12 - -7)?
3
Let y(a) = -20*a**2 + 4*a + 4. Let d be y(-5). What is the units digit of d/(-20) + 3/15?
6
Let l(c) be the first derivative of 67*c**3/3 - c**2 - c + 8. Let f be 36/84 - (-20)/(-14). What is the units digit of l(f)?
8
Let s(l) = -5*l**3 - 9*l**2 - 27*l - 45. What is the hundreds digit of s(-4)?
2
Suppose -28*g + 31*g - 14598 = -3*q, 4*g - 19437 = 5*q. What is the units digit of g?
3
Let k(v) = -3*v + 23. Let m be k(6). Suppose -4*i - 4*r + 300 = 0, 0*r - r = m. What is the tens digit of i?
8
Let b(v) = 3*v**3 - 22*v**2 + 13*v + 38. What is the hundreds digit of b(13)?
0
Suppose 4*n - 5*q = 28, -5*n - 2*q = -4*q - 18. Let b(d) = 3*d**2 - 6*d. Let i be b(4). Suppose 0 = -5*p + 10, i = n*w - p - 36. What is the units digit of w?
1
Suppose 0*z + 100 = -4*z. Let a be (16/10)/((-5)/z). Suppose a*v - 75 = 3*v. What is the units digit of v?
5
Suppose -2*u + 63 = -5*u. Let s(w) = w**2 + 4*w + 2. Let t be s(-2). Let i = t - u. What is the units digit of i?
9
Let u(a) = -3*a + 18. Let g be u(10). What is the tens digit of 3 + (-2)/(-12) + (-2422)/g?
0
Let z(t) = t - 1. Let w(l) = 2*l - 4. Let m(k) = -w(k) + 3*z(k). Let x be m(1). Suppose 3*o - 13 = -d - 1, x*d = 0. What is the units digit of o?
4
Suppose u - 1567 = a, a = -u + 1020 + 549. What is the units digit of u?
8
Suppose 0 = 28*q - 26*q - 6. Suppose 2*k - 569 = 5*g - 52, 4*k = -q*g + 1099. What is the tens digit of k?
7
Let l(a) = -1 - 4*a + 6*a + 65*a**2 - 29*a**2 + 50*a**2. What is the tens digit of l(1)?
8
Suppose 0 = d + 4*d - 135. Suppose 0 = 4*c + 17 + d. Let m = 16 + c. What is the units digit of m?
5
Suppose 10*c - 6*c = 28. Let r = c + 53. What is the units digit of r?
0
Let g(q) = -7*q**3 + 182*q**2 + 7*q + 19. What is the units digit of g(25)?
9
Let f(s) = 18*s + 112 - 12 - 33*s + 14*s - s**2. What is the units digit of f(0)?
0
Suppose t = -0*t + 3*a + 3437, -3*a + 10371 = 3*t. What is the thousands digit of t?
3
Let k = 78 + -33. What is the hundreds digit of 8757/k + 3/(-5)?
1
Suppose 0 = -r + 3*s - 18, -s = -3*r - 4*s - 78. Let o be 22/6 - r/(-36). Suppose -10 = -o*a + 50. What is the tens digit of a?
2
Suppose 2725 = 5*f + 5*c, -3*f + 1629 = -2*c - c. What is the units digit of f?
4
Let l(m) = m**2 + 2*m - 7. Let s be l(7). Suppose 13 = b + u + s, -230 = 5*b + 2*u. What is the units digit of b/(-10) - (-9)/45?
5
Suppose 170 = v + 3*m - 102, 3*v - 828 = -3*m. Suppose 0*h - v = -2*f - 5*h, 2*f + 4*h - 278 = 0. What is the units digit of f?
9
Suppose -2*l - f = 23 - 166, 3*l = -4*f + 212. What is the tens digit of l?
7
Let n be -7 + 6 - -2 - 3*-1. Let u = 46 - n. What is the units digit of u?
2
Suppose 55 = 3*k - 2*k. Let g be (-3)/(-6) + 9/2. Suppose g*l + k = 10*l. What is the tens digit of l?
1
Let q(w) = w + 17. Let b be q(-15). Suppose -b*u + 5*c + 279 = 0, -4*c + 30 - 174 = -u. What is the hundreds digit of u?
1
Let p be (-213)/9*3/1. Let x = -41 - p. Let d = x + -8. What is the units digit of d?
2
Let w be 168/(-30)*5/1. Let h be (-4)/14 + 608/w. What is the units digit of (-4 + 1)*h/33?
2
Let j(b) = 5*b. Let d be j(3). Let g = d - 12. What is the units digit of 3*g*(-8)/(-18)?
4
Suppose -3*o - 4*q = o + 44, 0 = -2*o + 3*q - 37. Suppose -2*i = x + 7, -7*x - 14 = i - 3*x. What is the units digit of o/(i - (-3 - -2))?
4
Suppose -2*w - 10*w + 1764 = 0. Suppose -3*c - w + 927 = 0. What is the tens digit of c?
6
Suppose 12 = x + 3*x. Suppose -4*a = -3*y - 24, 0*y + 13 = x*a - y. Suppose a*w - 16 = -w. What is the units digit of w?
4
Let z(k) = k**3 - 9*k**2 - 9*k - 1. Suppose 0 = 2*v + 2 + 24. Let y = v - -23. What is the units digit of z(y)?
9
What is the tens digit of (-3 + -19)*27/(-2)?
9
Let s = -124 - -94. Let p = 187 + s. What is the tens digit of p?
5
Suppose 4642 = -4*u + 26*u. What is the hundreds digit of u?
2
Suppose -5*b + 3*l - 32 = 0, 8*l - 3*l = -3*b + 8. Let c(a) = -1303*a - 3. Let m be c(6). What is the units digit of m/(-117) - b/26?
7
Suppose 11*c - 9828 = 11897. What is the tens digit of c?
7
Suppose 0 = 9*s - 360 - 36. Suppose f - t = 12, -3*f - 4*t + s = t. Suppose -f*d + 12*d = -50. What is the tens digit of d?
5
Let s = 31 + -29. Suppose s*p = -4*k + 268 + 108, 5*k - 4*p - 483 = 0. What is the tens digit of k?
9
Suppose -s + 4*c + 39 = 0, -c = -3*s + 2*c + 81. Let m = s + 39. What is the units digit of m?
2
Let a = 9 - -8. Let w = a + 3. Let g = w + -17. What is the units digit of g?
3
Let i be 65 + -13 - (0 + 0). Suppose 0 = -h + 3*h + i. What is the units digit of (-3 + h/(-2))/1?
0
Suppose -2*g = -n + 18, -4*n + 50 = -2*n + 3*g. Suppose -20 - n = -3*w. What is the units digit of w?
4
Suppose -z - 4*p + 47 = 0, p - 119 = -3*z - 0*p. What is the tens digit of z?
3
Let x = -9 - -17. Let c be x*4*49/(-14). What is the tens digit of (-5456)/c - (-2)/7?
4
Suppose 4*a = -24 - 8. What is the tens digit of 2/a*(1 - 9) - -26?
2
Let q be (-39 - 7)*6/(-4). Suppose 0 = 3*g - q - 210. What is the tens digit of g?
9
Suppose -25*f + 30*f = -2*m + 2689, -2*m - 4*f + 2694 = 0. What is the hundreds digit of m?
3
Suppose -5*p + 40 = -3*s - 42, 4*p - 2*s = 64. Suppose -y + 7 = 3*h, 4*y + 8*h - p = 3*h. What is the tens digit of y*-1 + 143/11?
1
Suppose -1996 = -2*c - 582. What is the tens digit of c?
0
Let o = 202 - -492. What is the hundreds digit of o?
6
Let m = 15 - 15. Let w be (-1 - m) + 6 - 0. Suppose -3*v - 12 = -w*v. What is the units digit of v?
6
Let l(b) = -2*b**2 - 4*b + 1. Let n be l(-3). What is the hundreds digit of 1/n + (-15026)/(-55) - -4?
2
Let p = 25 - 20. Suppose 20 = 5*b, -p*b = h - b - 93. What is the units digit of h?
7
Let o(l) = l**3 - 3*l**2 - 10*l + 2. Let z be o(5). Suppose -2*i - 3*d - 273 = -3*i, -z*i + 5*d = -550. What is the tens digit of (15/(-25))/((-3)/i)?
5
Suppose -41*y = -46343 - 10934. What is the thousands digit of y?
1
Suppose 80 = 14*h - 382. Let s = 40 - h. What is the units digit of s?
7
Let l = 260 - -73. Suppose -65 = 2*r - l. What is the hundreds digit of r?
1
Suppose 4*j - c = 4847, c = j - 918 - 296. What is the tens digit of j?
1
Suppose 2*i - w + 1 = 5, 3*w = 3*i. Suppose i*k + 53 = -115. Let f = 73 + k. What is the tens digit of f?
3
Suppose 5*j - 200 - 40 = 0. Let c = j - 43. What is the units digit o